 Let a(p) = 5*p + 1. Let t(r) = 6*r + 2. Let h(w) = u*t(w) - 3*a(w). What are the prime factors of h(-1)?
2
List the prime factors of 32868/45 + 6/(-15).
2, 5, 73
Let c = -5 + 429. List the prime factors of c.
2, 53
Let x(k) = 2*k**2 + 1. Suppose -3*y + 7*y = -4. Let b be x(y). Suppose 3*h = 2*l - 70, 4*l + 0*h - b*h - 134 = 0. What are the prime factors of l?
2
Let r be -116 + 4/((-4)/1). List the prime factors of (-1 - r/(-6))/((-8)/80).
5, 41
Suppose 6*x - 8*x + 4 = 0. Suppose 0 = -4*h + 8, x*s + h = 3*h. Suppose 3*u + 3*p = 132, p + 2 = s*u - 71. List the prime factors of u.
3, 13
Let m(r) = r**2 - 4*r + 2. Let b(a) = a**3 + 14*a**2 - a - 8. Let s be b(-14). Let y(f) = f**2 - 8*f + 7. Let i be y(s). What are the prime factors of m(i)?
47
Suppose 152 - 496 = 2*m. Let o = m - -250. What are the prime factors of o?
2, 3, 13
Let k(h) = h**3 + 13*h**2 + 10*h - 35. List the prime factors of k(-10).
3, 5, 11
Let w(k) = -11*k**3 - 8*k**2 - 8*k. List the prime factors of w(-3).
3, 83
Suppose 17*l = 717 + 22777. List the prime factors of l.
2, 691
Suppose 0 = -8*j + 3*j + 25. Let r(c) = 9*c**2 + 18*c**3 + 13*c**3 - j*c - 30*c**3. What are the prime factors of r(-9)?
3, 5
Let a(d) = -d**2 - 10*d + 36. Let c be a(-13). Let h(l) = -3*l**3 + l + 3. List the prime factors of h(c).
3
What are the prime factors of (-1 - -2867)/(-13 + 15)?
1433
Let i = -255 - -1169. List the prime factors of i.
2, 457
Let j(k) = k**3 - 6*k**2 + 7. Let v(o) = -5 - 3 + 2 + o + 1. Let p be v(11). List the prime factors of j(p).
7
Let g = -85 + 159. Let d = g - -184. What are the prime factors of ((-1)/(-3))/(2/d)?
43
Let o(z) = 212*z**2 - 13*z - 24. What are the prime factors of o(-2)?
2, 5, 17
Let c(p) = 11*p**3 - 27*p**2 + 23*p + 34. Let a(w) = -4*w**3 + 9*w**2 - 8*w - 11. Let v(x) = -8*a(x) - 3*c(x). What are the prime factors of v(7)?
7
Suppose -4*s + 7 + 13 = 0. Suppose 15*p - 10*p = -s. What are the prime factors of p/((-4)/4)*22?
2, 11
Let c = 35 + -19. Let z be 14 - c - (0 + -4). Suppose z*n = 5*u + 5*n - 111, 0 = -u + 3*n + 15. What are the prime factors of u?
3, 7
Let r(m) = m**3 - 11*m**2 + 19*m - 39. What are the prime factors of r(12)?
3, 37
Let n = 787 - 697. What are the prime factors of n?
2, 3, 5
Suppose 785 = 5*l + 3*p, 4*l - 3*p + 5*p - 630 = 0. Let n = l - 96. Let j = n - 12. What are the prime factors of j?
2, 13
List the prime factors of 405 + ((-40)/(-10))/(-4).
2, 101
Let y(l) = l**2 - l - 1. Let o(d) = -7*d**2 + 10*d - 4. Let c(g) = -o(g) - 3*y(g). Let s be c(5). Suppose s = 4*u + 8. What are the prime factors of u?
2
Let r be (-28)/(-8) + 2/(-4). Suppose -4*f - 3*c + 132 = c, 205 = 5*f - r*c. What are the prime factors of f?
2, 19
Let n = 304 - 159. Suppose 0 = -3*c - 22 + n. List the prime factors of c.
41
Suppose -3*i = -8*i + 30. Let g = -321 - -541. What are the prime factors of (g/30)/(4/i)?
11
Suppose -5*q = -5*f + 630, f = -q - 62 + 198. Suppose -5*j = -2*z - 615, 0 = j - 5*z + 3*z - f. What are the prime factors of j?
11
Suppose -17*b + 180 = -12*b. Let z = 114 - b. What are the prime factors of z?
2, 3, 13
Suppose -5*t + 2*d + 2*d + 5 = 0, -4*t = 4*d - 4. Let x be (t/3)/(8/(-984)). Let g = 64 + x. What are the prime factors of g?
23
Suppose -5985 = -9*z + 558. What are the prime factors of z?
727
Let t(a) = 32*a**2 - 2*a - 3. List the prime factors of t(5).
787
List the prime factors of 4281/12*(4/(-1) - -8).
1427
Let t(k) = 1046*k + 125. What are the prime factors of t(2)?
3, 739
Suppose -5*t = a - 15, -t + 6 = 4. Let d(g) = g**3 - g**2 + g - 21. Let l be d(0). Let h = a - l. What are the prime factors of h?
2, 13
Suppose -4*c - 4870 = 5*w, -5*c + 0*w - 6104 = -2*w. Let b be c/34 + (-8)/68. What are the prime factors of (b + 4)*1/(-2)?
2
Let d(l) = -l**3 + 2*l**2 + 1. Let g be d(-2). Let p = g - 7. Suppose 0 = 2*c + a, c = -a - 2*a - p. List the prime factors of c.
2
Suppose -47228 = -24*f - 19028. List the prime factors of f.
5, 47
Let d be 1*5/(15/36). Suppose -2 + 1 = -n - 2*a, -4*n - 4*a + d = 0. Suppose 3*g - 47 = n*b, 3*g - 22 = 2*b + 13. What are the prime factors of g?
3
Let b be 2/(-16) + 3861/104. Suppose a - 18 = 2*r, 0*a - r - b = -4*a. Let p(n) = n**3 - 7*n**2 - 6*n - 3. List the prime factors of p(a).
13
Let v be 3/(3/(-12)*-6). Let h(a) = -6*a + a**3 - v*a**3 - 6*a + a - 1 - 10*a**2. List the prime factors of h(-9).
17
Let o = -31 - -36. Suppose -o*q - 325 = -10*q. Suppose q = w + 3*u, u - 16 = 2*w - 132. What are the prime factors of w?
59
List the prime factors of (123 + 8)*1/(0 + 1).
131
Let t(l) = -l**2 - 8*l + 11. Let a be t(-8). List the prime factors of ((-3)/1 - a/(-3))*57.
2, 19
Let h be (0 - (-1500)/(-18))/(4/(-6)). Suppose -4*m - 4*c - h = -757, -5*m = -5*c - 760. What are the prime factors of m?
5, 31
Suppose 848 + 149 = c + 5*x, 0 = -4*c - 5*x + 3913. List the prime factors of c.
2, 3
Let t(v) = -24*v - 2. Let b(a) = -95*a - 8. Let y(l) = -2*b(l) + 9*t(l). What are the prime factors of y(-2)?
2, 5
Suppose 3*q + c = 963, 909 + 689 = 5*q + 4*c. List the prime factors of q.
2, 7, 23
Let g = -87 - -217. Suppose -8 = -2*k - 0. Suppose k*b - g = -b. List the prime factors of b.
2, 13
Suppose -j = -k - 106 - 272, -k = 5*j - 1884. What are the prime factors of j?
13, 29
Let z(n) = -n**2 + 5*n + 5. Let x be z(7). Let r = x + 12. List the prime factors of 50/r - (-6)/18.
17
Let b(v) = -v**3 - 8*v**2 - 8*v + 5. Let i be b(-7). Let z = -7 + i. Suppose -z*f - 26 = -s, -2*s - s + 3*f = -54. What are the prime factors of s?
2
Let k = 14 - 14. Let t = k + -1. Let p = t - -6. List the prime factors of p.
5
Let y(n) = -n**2 + n + 22. Let f be y(5). Let t = -8 - -13. Suppose d + t = f*d. List the prime factors of d.
5
Let i(o) = o**2 - 5*o + 4. Let x be i(7). Suppose 4*w - w + 4*g = x, -2*g - 6 = -w. Let b(p) = -p**3 + 8*p**2 - 6*p - 7. List the prime factors of b(w).
29
Let c(g) = 7*g**2 - 2*g + 1. Let v be c(1). Let p be (2/5)/((-2)/(-10)). What are the prime factors of -1 + p - (v + -9)?
2
What are the prime factors of (-245)/(-1) + (-170)/34?
2, 3, 5
Let r be -10*((-35)/(-10) - 3). Let f(o) = o**2 - 7*o + 4. List the prime factors of f(r).
2
Let n(u) = u**2 - 16*u + 20. Suppose 0 = 5*o - 2*q - 70, -26 + 83 = 2*o + 5*q. What are the prime factors of n(o)?
2, 5
Let v(p) = 25*p**3 - p**2 - 5*p + 3. Let l be v(2). Let h = l + -127. List the prime factors of h.
2, 31
Suppose 2*l = -x - 2 - 1, 0 = 3*l - 4*x - 12. Suppose l*p + 2*p - 6 = 0. What are the prime factors of 63/(-28)*(-4)/p?
3
Suppose -4*c - 828 + 2868 = 0. List the prime factors of c.
2, 3, 5, 17
Suppose 72 = -2*o - 44. Let s = -32 - o. Let v = -12 + s. List the prime factors of v.
2, 7
Suppose -9591 = -30*c + 12579. List the prime factors of c.
739
Let r be 3*(-20)/(-45)*3. Suppose -2*q = 2*d - r, -3*q + 0 + 8 = 2*d. What are the prime factors of q?
2
Let d(o) = 2*o**2 + 9*o + 21. Let p be d(-4). Let k(u) = -u**3 + 17*u**2 + 3*u - 18. List the prime factors of k(p).
3, 11
Let z(n) = 95*n**2 + 15*n + 1. List the prime factors of z(-4).
3, 487
Let h be ((-22)/(-4) + -5)*0. Suppose 5*a = -4*m + 112, 2*m + h*a = 3*a + 56. List the prime factors of m.
2, 7
Let j(y) = y**3 + 12*y**2 - 3*y - 8. List the prime factors of j(-10).
2, 3, 37
List the prime factors of ((-14064)/80)/((-3)/20).
2, 293
Suppose 5*l - 2*l = -5*u + 315, -6 = 2*u. Let t = 155 - l. List the prime factors of t.
3, 5
Let b(m) = -m**3 - 7*m**2 - 6*m + 5. Suppose -4*q - q - 3*c - 21 = 0, q + 3 = -c. Let o be b(q). Suppose o*y - 48 = 102. List the prime factors of y.
2, 3, 5
Suppose 0 = -3*l - l + 76. Suppose -17 = -4*u + l. List the prime factors of 4*6 - (13 - u).
2, 5
Suppose -10*d + 12*d = 4. Suppose -w = -j - 56, 0*j - 286 = -5*w + d*j. What are the prime factors of w?
2, 29
Suppose 9*r = 4*r + 3*d + 1022, d - 1026 = -5*r. List the prime factors of r.
5, 41
Let g(w) = -2*w**3 + 19*w**2 + 8*w + 26. List the prime factors of g(9).
179
Let z(d) = -46*d**2 - 3*d - 3. Let x(g) = -g**2 - g - 1. Let h(f) = 6*x(f) - z(f). What are the prime factors of h(-1)?
2, 5
List the prime factors of (679/28)/(3 - 35/12).
3, 97
Suppose 3*t - 6 = 0, -5*t + 50 = d - 229. What are the prime factors of d?
269
Let d(l) = l**3 - 21*l**2 + 7*l - 41. List the prime factors of d(22).
3, 199
Let v(o) be the third derivative of 233*o*